[INFO] cloning repository https://github.com/ThaisongLord/thaisongchurch177
[INFO] running `Command { std: "git" "-c" "credential.helper=" "-c" "credential.helper=/workspace/cargo-home/bin/git-credential-null" "clone" "--bare" "https://github.com/ThaisongLord/thaisongchurch177" "/workspace/cache/git-repos/https%3A%2F%2Fgithub.com%2FThaisongLord%2Fthaisongchurch177", kill_on_drop: false }`
[INFO] [stderr] Cloning into bare repository '/workspace/cache/git-repos/https%3A%2F%2Fgithub.com%2FThaisongLord%2Fthaisongchurch177'...
[INFO] running `Command { std: "git" "rev-parse" "HEAD", kill_on_drop: false }`
[INFO] [stdout] 10efb56544894f22358ee6019cc5cd64609b64a9
[INFO] checking ThaisongLord/thaisongchurch177 against master#9610dfe5a9a731ced1ea4923ecbd0c57fe367898 for beta-170-4
[INFO] running `Command { std: "git" "clone" "/workspace/cache/git-repos/https%3A%2F%2Fgithub.com%2FThaisongLord%2Fthaisongchurch177" "/workspace/builds/worker-7-tc1/source", kill_on_drop: false }`
[INFO] [stderr] Cloning into '/workspace/builds/worker-7-tc1/source'...
[INFO] [stderr] done.
[INFO] validating manifest of git repo https://github.com/ThaisongLord/thaisongchurch177 on toolchain 9610dfe5a9a731ced1ea4923ecbd0c57fe367898
[INFO] running `Command { std: CARGO_HOME="/workspace/cargo-home" RUSTUP_HOME="/workspace/rustup-home" "/workspace/cargo-home/bin/cargo" "+9610dfe5a9a731ced1ea4923ecbd0c57fe367898" "metadata" "--manifest-path" "Cargo.toml" "--no-deps", kill_on_drop: false }`
[INFO] removed /workspace/builds/worker-7-tc1/source/.cargo/config.toml
[INFO] started tweaking git repo https://github.com/ThaisongLord/thaisongchurch177
[INFO] finished tweaking git repo https://github.com/ThaisongLord/thaisongchurch177
[INFO] tweaked toml for git repo https://github.com/ThaisongLord/thaisongchurch177 written to /workspace/builds/worker-7-tc1/source/Cargo.toml
[INFO] crate git repo https://github.com/ThaisongLord/thaisongchurch177 already has a lockfile, it will not be regenerated
[INFO] running `Command { std: CARGO_HOME="/workspace/cargo-home" RUSTUP_HOME="/workspace/rustup-home" "/workspace/cargo-home/bin/cargo" "+9610dfe5a9a731ced1ea4923ecbd0c57fe367898" "fetch" "--manifest-path" "Cargo.toml", kill_on_drop: false }`
[INFO] [stderr]     Updating crates.io index
[INFO] [stderr]  Downloading crates ...
[INFO] [stderr]   Downloaded whoami v1.2.3
[INFO] [stderr]   Downloaded dotenvy v0.15.5
[INFO] [stderr]   Downloaded publicsuffix v2.2.2
[INFO] [stderr]   Downloaded linkify v0.9.0
[INFO] [stderr]   Downloaded claim v0.5.0
[INFO] [stderr]   Downloaded fake v2.5.0
[INFO] [stderr]   Downloaded sqlformat v0.2.0
[INFO] [stderr]   Downloaded actix-web-lab v0.18.2
[INFO] [stderr]   Downloaded actix-web-lab-derive v0.16.0
[INFO] [stderr]   Downloaded serde_html_form v0.1.0
[INFO] [stderr]   Downloaded actix-session v0.7.2
[INFO] [stderr]   Downloaded actix-web-flash-messages v0.4.1
[INFO] [stderr]   Downloaded ahash v0.8.0
[INFO] [stderr]   Downloaded redis v0.21.6
[INFO] [stderr]   Downloaded tracing-actix-web v0.6.1
[INFO] [stderr]   Downloaded wiremock v0.5.14
[INFO] [stderr]   Downloaded argon2 v0.4.1
[INFO] [stderr]   Downloaded cookie_store v0.16.1
[INFO] [stderr]   Downloaded base64ct v1.5.2
[INFO] [stderr]   Downloaded tracing-bunyan-formatter v0.3.3
[INFO] [stderr]   Downloaded serde-aux v4.0.0
[INFO] [stderr]   Downloaded config v0.13.2
[INFO] [stderr]   Downloaded validator v0.16.0
[INFO] running `Command { std: "docker" "create" "-v" "/var/lib/crater-agent-workspace/builds/worker-7-tc1/target:/opt/rustwide/target:rw,Z" "-v" "/var/lib/crater-agent-workspace/builds/worker-7-tc1/source:/opt/rustwide/workdir:ro,Z" "-v" "/var/lib/crater-agent-workspace/cargo-home:/opt/rustwide/cargo-home:ro,Z" "-v" "/var/lib/crater-agent-workspace/rustup-home:/opt/rustwide/rustup-home:ro,Z" "-e" "SOURCE_DIR=/opt/rustwide/workdir" "-e" "CARGO_TARGET_DIR=/opt/rustwide/target" "-e" "CARGO_HOME=/opt/rustwide/cargo-home" "-e" "RUSTUP_HOME=/opt/rustwide/rustup-home" "-w" "/opt/rustwide/workdir" "-m" "1610612736" "--user" "0:0" "--network" "none" "ghcr.io/rust-lang/crates-build-env/linux@sha256:19e73879b68f455e41552ea35293514db52ea292d993f571636dbffedb77a1ee" "/opt/rustwide/cargo-home/bin/cargo" "+9610dfe5a9a731ced1ea4923ecbd0c57fe367898" "metadata" "--no-deps" "--format-version=1", kill_on_drop: false }`
[INFO] [stdout] 644d6ec0bd73579997927e8befe31da2e601bd21287531527fae0a1374968518
[INFO] running `Command { std: "docker" "start" "-a" "644d6ec0bd73579997927e8befe31da2e601bd21287531527fae0a1374968518", kill_on_drop: false }`
[INFO] running `Command { std: "docker" "inspect" "644d6ec0bd73579997927e8befe31da2e601bd21287531527fae0a1374968518", kill_on_drop: false }`
[INFO] running `Command { std: "docker" "rm" "-f" "644d6ec0bd73579997927e8befe31da2e601bd21287531527fae0a1374968518", kill_on_drop: false }`
[INFO] [stdout] 644d6ec0bd73579997927e8befe31da2e601bd21287531527fae0a1374968518
[INFO] running `Command { std: "docker" "create" "-v" "/var/lib/crater-agent-workspace/builds/worker-7-tc1/target:/opt/rustwide/target:rw,Z" "-v" "/var/lib/crater-agent-workspace/builds/worker-7-tc1/source:/opt/rustwide/workdir:ro,Z" "-v" "/var/lib/crater-agent-workspace/cargo-home:/opt/rustwide/cargo-home:ro,Z" "-v" "/var/lib/crater-agent-workspace/rustup-home:/opt/rustwide/rustup-home:ro,Z" "-e" "SOURCE_DIR=/opt/rustwide/workdir" "-e" "CARGO_TARGET_DIR=/opt/rustwide/target" "-e" "CARGO_INCREMENTAL=0" "-e" "RUST_BACKTRACE=full" "-e" "RUSTFLAGS=--cap-lints=forbid" "-e" "RUSTDOCFLAGS=--cap-lints=forbid" "-e" "CARGO_HOME=/opt/rustwide/cargo-home" "-e" "RUSTUP_HOME=/opt/rustwide/rustup-home" "-w" "/opt/rustwide/workdir" "-m" "1610612736" "--user" "0:0" "--network" "none" "ghcr.io/rust-lang/crates-build-env/linux@sha256:19e73879b68f455e41552ea35293514db52ea292d993f571636dbffedb77a1ee" "/opt/rustwide/cargo-home/bin/cargo" "+9610dfe5a9a731ced1ea4923ecbd0c57fe367898" "check" "--frozen" "--all" "--all-targets" "--message-format=json", kill_on_drop: false }`
[INFO] [stdout] 2d9166f3b9d920a7adada81f1db18b9ecc3eb4a4be7e6a0408a78f2a3f63b9b9
[INFO] running `Command { std: "docker" "start" "-a" "2d9166f3b9d920a7adada81f1db18b9ecc3eb4a4be7e6a0408a78f2a3f63b9b9", kill_on_drop: false }`
[INFO] [stderr]    Compiling libc v0.2.133
[INFO] [stderr]    Compiling proc-macro2 v1.0.43
[INFO] [stderr]    Compiling quote v1.0.21
[INFO] [stderr]    Compiling unicode-ident v1.0.4
[INFO] [stderr]    Compiling syn v1.0.100
[INFO] [stderr]     Checking cfg-if v1.0.0
[INFO] [stderr]    Compiling version_check v0.9.4
[INFO] [stderr]    Compiling memchr v2.5.0
[INFO] [stderr]    Compiling autocfg v1.0.1
[INFO] [stderr]     Checking once_cell v1.15.0
[INFO] [stderr]    Compiling typenum v1.15.0
[INFO] [stderr]    Compiling serde_derive v1.0.145
[INFO] [stderr]    Compiling serde v1.0.145
[INFO] [stderr]    Compiling futures-core v0.3.24
[INFO] [stderr]    Compiling log v0.4.17
[INFO] [stderr]     Checking pin-project-lite v0.2.9
[INFO] [stderr]     Checking smallvec v1.9.0
[INFO] [stderr]     Checking bytes v1.2.1
[INFO] [stderr]     Checking scopeguard v1.1.0
[INFO] [stderr]     Checking lock_api v0.4.6
[INFO] [stderr]     Checking itoa v1.0.3
[INFO] [stderr]    Compiling parking_lot_core v0.9.3
[INFO] [stderr]     Checking subtle v2.4.1
[INFO] [stderr]     Checking futures-sink v0.3.24
[INFO] [stderr]     Checking tracing-core v0.1.29
[INFO] [stderr]    Compiling futures-channel v0.3.24
[INFO] [stderr]    Compiling generic-array v0.14.6
[INFO] [stderr]    Compiling ahash v0.7.6
[INFO] [stderr]    Compiling futures-task v0.3.24
[INFO] [stderr]     Checking futures-io v0.3.24
[INFO] [stderr]     Checking ryu v1.0.11
[INFO] [stderr]     Checking tinyvec_macros v0.1.0
[INFO] [stderr]    Compiling slab v0.4.7
[INFO] [stderr]     Checking percent-encoding v2.2.0
[INFO] [stderr]    Compiling serde_json v1.0.85
[INFO] [stderr]    Compiling futures-util v0.3.24
[INFO] [stderr]     Checking tinyvec v1.6.0
[INFO] [stderr]     Checking ppv-lite86 v0.2.16
[INFO] [stderr]     Checking pin-utils v0.1.0
[INFO] [stderr]     Checking unicode-bidi v0.3.8
[INFO] [stderr]     Checking cpufeatures v0.2.5
[INFO] [stderr]     Checking regex-syntax v0.6.27
[INFO] [stderr]     Checking form_urlencoded v1.1.0
[INFO] [stderr]    Compiling indexmap v1.9.1
[INFO] [stderr]     Checking fnv v1.0.7
[INFO] [stderr]     Checking base64 v0.13.0
[INFO] [stderr]     Checking aho-corasick v0.7.19
[INFO] [stderr]    Compiling num-traits v0.2.15
[INFO] [stderr]     Checking bitflags v1.3.2
[INFO] [stderr]     Checking http v0.2.8
[INFO] [stderr]    Compiling rustls v0.20.6
[INFO] [stderr]     Checking getrandom v0.2.7
[INFO] [stderr]    Compiling jobserver v0.1.25
[INFO] [stderr]     Checking num_cpus v1.13.1
[INFO] [stderr]     Checking signal-hook-registry v1.4.0
[INFO] [stderr]     Checking mio v0.8.4
[INFO] [stderr]     Checking socket2 v0.4.7
[INFO] [stderr]     Checking parking_lot v0.12.1
[INFO] [stderr]    Compiling cc v1.0.73
[INFO] [stderr]     Checking rand_core v0.6.4
[INFO] [stderr]     Checking unicode-normalization v0.1.22
[INFO] [stderr]     Checking rand_chacha v0.3.1
[INFO] [stderr]     Checking opaque-debug v0.3.0
[INFO] [stderr]    Compiling paste v1.0.9
[INFO] [stderr]     Checking hashbrown v0.12.3
[INFO] [stderr]    Compiling httparse v1.8.0
[INFO] [stderr]    Compiling time-macros v0.2.4
[INFO] [stderr]     Checking httpdate v1.0.2
[INFO] [stderr]     Checking untrusted v0.7.1
[INFO] [stderr]    Compiling parking_lot_core v0.8.5
[INFO] [stderr]     Checking rand v0.8.5
[INFO] [stderr]     Checking num_threads v0.1.6
[INFO] [stderr]    Compiling thiserror v1.0.35
[INFO] [stderr]     Checking spin v0.5.2
[INFO] [stderr]    Compiling num-integer v0.1.45
[INFO] [stderr]    Compiling cookie v0.16.0
[INFO] [stderr]    Compiling encoding_rs v0.8.31
[INFO] [stderr]     Checking idna v0.3.0
[INFO] [stderr]    Compiling zstd-safe v5.0.2+zstd.1.5.2
[INFO] [stderr]    Compiling crc32fast v1.3.2
[INFO] [stderr]     Checking local-waker v0.1.3
[INFO] [stderr]    Compiling pkg-config v0.3.25
[INFO] [stderr]     Checking alloc-no-stdlib v2.0.4
[INFO] [stderr]     Checking alloc-stdlib v0.2.2
[INFO] [stderr]     Checking crypto-common v0.1.6
[INFO] [stderr]     Checking block-buffer v0.10.3
[INFO] [stderr]     Checking cipher v0.3.0
[INFO] [stderr]     Checking universal-hash v0.4.1
[INFO] [stderr]     Checking aead v0.4.3
[INFO] [stderr]     Checking lazy_static v1.4.0
[INFO] [stderr]     Checking digest v0.10.5
[INFO] [stderr]     Checking polyval v0.5.3
[INFO] [stderr]     Checking aes v0.7.5
[INFO] [stderr]     Checking ctr v0.8.0
[INFO] [stderr]     Checking mime v0.3.16
[INFO] [stderr]     Checking ghash v0.4.4
[INFO] [stderr]    Compiling crossbeam-utils v0.8.11
[INFO] [stderr]     Checking hmac v0.12.1
[INFO] [stderr]     Checking sha2 v0.10.6
[INFO] [stderr]     Checking sha1 v0.10.5
[INFO] [stderr]     Checking adler v1.0.2
[INFO] [stderr]     Checking hkdf v0.12.3
[INFO] [stderr]    Compiling ring v0.16.20
[INFO] [stderr]    Compiling zstd-sys v2.0.1+zstd.1.5.2
[INFO] [stderr]     Checking miniz_oxide v0.5.4
[INFO] [stderr]     Checking aes-gcm v0.9.4
[INFO] [stderr]    Compiling openssl-sys v0.9.75
[INFO] [stderr]     Checking brotli-decompressor v2.3.2
[INFO] [stderr]     Checking actix-service v2.0.2
[INFO] [stderr]    Compiling tracing v0.1.36
[INFO] [stderr]     Checking regex v1.6.0
[INFO] [stderr]     Checking actix-utils v3.0.0
[INFO] [stderr]    Compiling bytestring v1.1.0
[INFO] [stderr]    Compiling unicase v2.6.0
[INFO] [stderr]    Compiling async-trait v0.1.57
[INFO] [stderr]    Compiling convert_case v0.4.0
[INFO] [stderr]     Checking flate2 v1.0.24
[INFO] [stderr]     Checking time v0.3.14
[INFO] [stderr]    Compiling crossbeam-queue v0.3.6
[INFO] [stderr]     Checking language-tags v0.3.2
[INFO] [stderr]     Checking regex-automata v0.1.10
[INFO] [stderr]    Compiling instant v0.1.12
[INFO] [stderr]    Compiling tokio v1.19.2
[INFO] [stderr]     Checking brotli v3.3.4
[INFO] [stderr]     Checking foreign-types-shared v0.1.1
[INFO] [stderr]    Compiling openssl v0.10.41
[INFO] [stderr]    Compiling anyhow v1.0.65
[INFO] [stderr]     Checking foreign-types v0.3.2
[INFO] [stderr]    Compiling dirs-sys v0.3.7
[INFO] [stderr]    Compiling getrandom v0.1.16
[INFO] [stderr]    Compiling native-tls v0.2.10
[INFO] [stderr]     Checking event-listener v2.5.3
[INFO] [stderr]    Compiling minimal-lexical v0.2.1
[INFO] [stderr]     Checking matches v0.1.9
[INFO] [stderr]     Checking try-lock v0.2.3
[INFO] [stderr]     Checking idna v0.2.3
[INFO] [stderr]     Checking want v0.3.0
[INFO] [stderr]    Compiling nom v7.1.1
[INFO] [stderr]    Compiling dirs v4.0.0
[INFO] [stderr]    Compiling mime_guess v2.0.4
[INFO] [stderr]    Compiling parking_lot v0.11.2
[INFO] [stderr]     Checking http-body v0.4.5
[INFO] [stderr]     Checking time v0.1.44
[INFO] [stderr]    Compiling iana-time-zone v0.1.50
[INFO] [stderr]    Compiling crc-catalog v2.1.0
[INFO] [stderr]     Checking tower-service v0.3.2
[INFO] [stderr]    Compiling unicode_categories v0.1.1
[INFO] [stderr]     Checking openssl-probe v0.1.5
[INFO] [stderr]    Compiling crc v3.0.0
[INFO] [stderr]     Checking webpki v0.22.0
[INFO] [stderr]     Checking sct v0.7.0
[INFO] [stderr]     Checking chrono v0.4.22
[INFO] [stderr]    Compiling rustls-pemfile v1.0.1
[INFO] [stderr]    Compiling futures-intrusive v0.4.0
[INFO] [stderr]     Checking webpki-roots v0.22.4
[INFO] [stderr]    Compiling url v2.3.1
[INFO] [stderr]    Compiling dotenvy v0.15.5
[INFO] [stderr]    Compiling hashlink v0.8.1
[INFO] [stderr]    Compiling stringprep v0.1.2
[INFO] [stderr]    Compiling atoi v1.0.0
[INFO] [stderr]    Compiling md-5 v0.10.5
[INFO] [stderr]    Compiling ahash v0.8.0
[INFO] [stderr]     Checking arc-swap v1.5.1
[INFO] [stderr]    Compiling uuid v1.1.2
[INFO] [stderr]    Compiling unicode-segmentation v1.10.0
[INFO] [stderr]    Compiling hex v0.4.3
[INFO] [stderr]     Checking psl-types v2.0.11
[INFO] [stderr]    Compiling byteorder v1.4.3
[INFO] [stderr]    Compiling whoami v1.2.3
[INFO] [stderr]    Compiling proc-macro-hack v0.5.19
[INFO] [stderr]     Checking publicsuffix v2.2.2
[INFO] [stderr]     Checking rand_core v0.5.1
[INFO] [stderr]    Compiling heck v0.4.0
[INFO] [stderr]    Compiling tokio-stream v0.1.10
[INFO] [stderr]     Checking matchers v0.1.0
[INFO] [stderr]     Checking sharded-slab v0.1.4
[INFO] [stderr]     Checking tracing-log v0.1.3
[INFO] [stderr]     Checking csv-core v0.1.10
[INFO] [stderr]     Checking thread_local v1.1.4
[INFO] [stderr]     Checking ansi_term v0.12.1
[INFO] [stderr]     Checking itoa v0.4.8
[INFO] [stderr]     Checking askama_escape v0.10.3
[INFO] [stderr]     Checking cache-padded v1.2.0
[INFO] [stderr]     Checking linked-hash-map v0.5.6
[INFO] [stderr]     Checking http-range v0.1.5
[INFO] [stderr]     Checking base64ct v1.5.2
[INFO] [stderr]     Checking concurrent-queue v1.2.4
[INFO] [stderr]     Checking rand_chacha v0.2.2
[INFO] [stderr]     Checking yaml-rust v0.4.5
[INFO] [stderr]     Checking blake2 v0.10.4
[INFO] [stderr]     Checking gethostname v0.2.3
[INFO] [stderr]     Checking zeroize v1.5.7
[INFO] [stderr]     Checking pathdiff v0.2.1
[INFO] [stderr]    Compiling http-types v2.12.0
[INFO] [stderr]     Checking waker-fn v1.1.0
[INFO] [stderr]     Checking ipnet v2.5.0
[INFO] [stderr]     Checking fastrand v1.8.0
[INFO] [stderr]     Checking password-hash v0.4.2
[INFO] [stderr]     Checking parking v2.0.0
[INFO] [stderr]     Checking rand v0.7.3
[INFO] [stderr]     Checking async-channel v1.7.1
[INFO] [stderr]    Compiling claim v0.5.0
[INFO] [stderr]     Checking deadpool-runtime v0.1.2
[INFO] [stderr]     Checking retain_mut v0.1.9
[INFO] [stderr]     Checking infer v0.2.3
[INFO] [stderr]     Checking futures-lite v1.12.0
[INFO] [stderr]     Checking env_logger v0.8.4
[INFO] [stderr]     Checking futures-timer v3.0.2
[INFO] [stderr]     Checking fake v2.5.0
[INFO] [stderr]     Checking argon2 v0.4.1
[INFO] [stderr]     Checking linkify v0.9.0
[INFO] [stderr]    Compiling tokio-rustls v0.23.4
[INFO] [stderr]     Checking quickcheck v1.0.3
[INFO] [stderr]    Compiling sqlx-rt v0.6.2
[INFO] [stderr]    Compiling tokio-macros v1.8.0
[INFO] [stderr]    Compiling tracing-attributes v0.1.22
[INFO] [stderr]    Compiling futures-macro v0.3.24
[INFO] [stderr]    Compiling thiserror-impl v1.0.35
[INFO] [stderr]    Compiling derive_more v0.99.17
[INFO] [stderr]    Compiling actix-macros v0.2.3
[INFO] [stderr]    Compiling openssl-macros v0.1.0
[INFO] [stderr]    Compiling pin-project-internal v1.0.12
[INFO] [stderr]    Compiling actix-web-lab-derive v0.16.0
[INFO] [stderr]    Compiling quickcheck_macros v1.0.0
[INFO] [stderr]     Checking pin-project v1.0.12
[INFO] [stderr]     Checking tracing-subscriber v0.3.15
[INFO] [stderr]     Checking local-channel v0.1.3
[INFO] [stderr]     Checking futures-executor v0.3.24
[INFO] [stderr]     Checking futures v0.3.24
[INFO] [stderr]     Checking tokio-util v0.7.3
[INFO] [stderr]     Checking actix-rt v2.7.0
[INFO] [stderr]     Checking actix-server v2.1.1
[INFO] [stderr]     Checking tokio-native-tls v0.3.0
[INFO] [stderr]     Checking deadpool v0.9.5
[INFO] [stderr]     Checking h2 v0.3.14
[INFO] [stderr]     Checking actix-codec v0.5.0
[INFO] [stderr]     Checking combine v4.6.6
[INFO] [stderr]     Checking serde_urlencoded v0.7.1
[INFO] [stderr]     Checking actix-router v0.5.1
[INFO] [stderr]     Checking either v1.8.0
[INFO] [stderr]     Checking bstr v0.2.17
[INFO] [stderr]     Checking serde_html_form v0.1.0
[INFO] [stderr]     Checking secrecy v0.8.0
[INFO] [stderr]     Checking config v0.13.2
[INFO] [stderr]     Checking serde_qs v0.8.5
[INFO] [stderr]     Checking itertools v0.10.5
[INFO] [stderr]     Checking csv v1.1.6
[INFO] [stderr]     Checking cookie_store v0.16.1
[INFO] [stderr]     Checking tracing-bunyan-formatter v0.3.3
[INFO] [stderr]     Checking serde-aux v4.0.0
[INFO] [stderr]     Checking validator v0.16.0
[INFO] [stderr]     Checking assert-json-diff v2.0.2
[INFO] [stderr]    Compiling actix-web-codegen v4.1.0
[INFO] [stderr]     Checking sqlformat v0.2.0
[INFO] [stderr]     Checking hyper v0.14.20
[INFO] [stderr]     Checking sqlx-core v0.6.2
[INFO] [stderr]     Checking redis v0.21.6
[INFO] [stderr]     Checking hyper-rustls v0.23.0
[INFO] [stderr]     Checking wiremock v0.5.14
[INFO] [stderr]     Checking reqwest v0.11.12
[INFO] [stderr]     Checking zstd v0.11.2+zstd.1.5.2
[INFO] [stderr]     Checking actix-http v3.2.2
[INFO] [stderr]     Checking actix-web v4.2.1
[INFO] [stderr]    Compiling sqlx-macros v0.6.2
[INFO] [stderr]     Checking actix-files v0.6.2
[INFO] [stderr]     Checking actix-web-flash-messages v0.4.1
[INFO] [stderr]     Checking tracing-actix-web v0.6.1
[INFO] [stderr]     Checking actix-session v0.7.2
[INFO] [stderr]     Checking actix-web-lab v0.18.2
[INFO] [stderr]     Checking sqlx v0.6.2
[INFO] [stderr]     Checking thaisongchurch v0.1.0 (/opt/rustwide/workdir)
[INFO] [stdout] error: error communicating with database: failed to lookup address information: Temporary failure in name resolution
[INFO] [stdout]   --> src/authentication/password.rs:26:15
[INFO] [stdout]    |
[INFO] [stdout] 26 |       let row = sqlx::query!(
[INFO] [stdout]    |  _______________^
[INFO] [stdout] 27 | |         r#"
[INFO] [stdout] 28 | |         SELECT user_id, password_hash
[INFO] [stdout] 29 | |         FROM users
[INFO] [stdout] ...  |
[INFO] [stdout] 32 | |         username,
[INFO] [stdout] 33 | |     )
[INFO] [stdout]    | |_____^
[INFO] [stdout]    |
[INFO] [stdout]    = note: this error originates in the macro `$crate::sqlx_macros::expand_query` which comes from the expansion of the macro `sqlx::query` (in Nightly builds, run with -Z macro-backtrace for more info)
[INFO] [stdout] 
[INFO] [stdout] 
[INFO] [stdout] error: error communicating with database: failed to lookup address information: Temporary failure in name resolution
[INFO] [stdout]   --> src/authentication/password.rs:26:15
[INFO] [stdout]    |
[INFO] [stdout] 26 |       let row = sqlx::query!(
[INFO] [stdout]    |  _______________^
[INFO] [stdout] 27 | |         r#"
[INFO] [stdout] 28 | |         SELECT user_id, password_hash
[INFO] [stdout] 29 | |         FROM users
[INFO] [stdout] ...  |
[INFO] [stdout] 32 | |         username,
[INFO] [stdout] 33 | |     )
[INFO] [stdout]    | |_____^
[INFO] [stdout]    |
[INFO] [stdout]    = note: this error originates in the macro `$crate::sqlx_macros::expand_query` which comes from the expansion of the macro `sqlx::query` (in Nightly builds, run with -Z macro-backtrace for more info)
[INFO] [stdout] 
[INFO] [stdout] 
[INFO] [stdout] error: error communicating with database: failed to lookup address information: Temporary failure in name resolution
[INFO] [stdout]    --> src/authentication/password.rs:101:5
[INFO] [stdout]     |
[INFO] [stdout] 101 | /     sqlx::query!(
[INFO] [stdout] 102 | |         r#"
[INFO] [stdout] 103 | |         UPDATE users
[INFO] [stdout] 104 | |         SET password_hash = $1
[INFO] [stdout] ...   |
[INFO] [stdout] 108 | |         user_id
[INFO] [stdout] 109 | |     )
[INFO] [stdout]     | |_____^
[INFO] [stdout]     |
[INFO] [stdout]     = note: this error originates in the macro `$crate::sqlx_macros::expand_query` which comes from the expansion of the macro `sqlx::query` (in Nightly builds, run with -Z macro-backtrace for more info)
[INFO] [stdout] 
[INFO] [stdout] 
[INFO] [stdout] error: error communicating with database: failed to lookup address information: Temporary failure in name resolution
[INFO] [stdout]    --> src/authentication/password.rs:101:5
[INFO] [stdout]     |
[INFO] [stdout] 101 | /     sqlx::query!(
[INFO] [stdout] 102 | |         r#"
[INFO] [stdout] 103 | |         UPDATE users
[INFO] [stdout] 104 | |         SET password_hash = $1
[INFO] [stdout] ...   |
[INFO] [stdout] 108 | |         user_id
[INFO] [stdout] 109 | |     )
[INFO] [stdout]     | |_____^
[INFO] [stdout]     |
[INFO] [stdout]     = note: this error originates in the macro `$crate::sqlx_macros::expand_query` which comes from the expansion of the macro `sqlx::query` (in Nightly builds, run with -Z macro-backtrace for more info)
[INFO] [stdout] 
[INFO] [stdout] 
[INFO] [stdout] error: error communicating with database: failed to lookup address information: Temporary failure in name resolution
[INFO] [stdout]   --> src/idempotency/persistence.rs:28:26
[INFO] [stdout]    |
[INFO] [stdout] 28 |       let saved_response = sqlx::query!(
[INFO] [stdout]    |  __________________________^
[INFO] [stdout] 29 | |         r#"
[INFO] [stdout] 30 | |         SELECT 
[INFO] [stdout] 31 | |             response_status_code as "response_status_code!", 
[INFO] [stdout] ...  |
[INFO] [stdout] 40 | |         idempotency_key.as_ref()
[INFO] [stdout] 41 | |     )
[INFO] [stdout]    | |_____^
[INFO] [stdout]    |
[INFO] [stdout]    = note: this error originates in the macro `$crate::sqlx_macros::expand_query` which comes from the expansion of the macro `sqlx::query` (in Nightly builds, run with -Z macro-backtrace for more info)
[INFO] [stdout] 
[INFO] [stdout] 
[INFO] [stdout] error: error communicating with database: failed to lookup address information: Temporary failure in name resolution
[INFO] [stdout]   --> src/idempotency/persistence.rs:74:5
[INFO] [stdout]    |
[INFO] [stdout] 74 | /     sqlx::query_unchecked!(
[INFO] [stdout] 75 | |         r#"
[INFO] [stdout] 76 | |         UPDATE idempotency
[INFO] [stdout] 77 | |         SET 
[INFO] [stdout] ...  |
[INFO] [stdout] 89 | |         body.as_ref()
[INFO] [stdout] 90 | |     )
[INFO] [stdout]    | |_____^
[INFO] [stdout]    |
[INFO] [stdout]    = note: this error originates in the macro `$crate::sqlx_macros::expand_query` which comes from the expansion of the macro `sqlx::query_unchecked` (in Nightly builds, run with -Z macro-backtrace for more info)
[INFO] [stdout] 
[INFO] [stdout] 
[INFO] [stdout] error: error communicating with database: failed to lookup address information: Temporary failure in name resolution
[INFO] [stdout]    --> src/idempotency/persistence.rs:112:27
[INFO] [stdout]     |
[INFO] [stdout] 112 |       let n_inserted_rows = sqlx::query!(
[INFO] [stdout]     |  ___________________________^
[INFO] [stdout] 113 | |         r#"
[INFO] [stdout] 114 | |         INSERT INTO idempotency (
[INFO] [stdout] 115 | |             user_id, 
[INFO] [stdout] ...   |
[INFO] [stdout] 123 | |         idempotency_key.as_ref()
[INFO] [stdout] 124 | |     )
[INFO] [stdout]     | |_____^
[INFO] [stdout]     |
[INFO] [stdout]     = note: this error originates in the macro `$crate::sqlx_macros::expand_query` which comes from the expansion of the macro `sqlx::query` (in Nightly builds, run with -Z macro-backtrace for more info)
[INFO] [stdout] 
[INFO] [stdout] 
[INFO] [stdout] error: error communicating with database: failed to lookup address information: Temporary failure in name resolution
[INFO] [stdout]   --> src/idempotency/persistence.rs:28:26
[INFO] [stdout]    |
[INFO] [stdout] 28 |       let saved_response = sqlx::query!(
[INFO] [stdout]    |  __________________________^
[INFO] [stdout] 29 | |         r#"
[INFO] [stdout] 30 | |         SELECT 
[INFO] [stdout] 31 | |             response_status_code as "response_status_code!", 
[INFO] [stdout] ...  |
[INFO] [stdout] 40 | |         idempotency_key.as_ref()
[INFO] [stdout] 41 | |     )
[INFO] [stdout]    | |_____^
[INFO] [stdout]    |
[INFO] [stdout]    = note: this error originates in the macro `$crate::sqlx_macros::expand_query` which comes from the expansion of the macro `sqlx::query` (in Nightly builds, run with -Z macro-backtrace for more info)
[INFO] [stdout] 
[INFO] [stdout] 
[INFO] [stdout] error: error communicating with database: failed to lookup address information: Temporary failure in name resolution
[INFO] [stdout]   --> src/idempotency/persistence.rs:74:5
[INFO] [stdout]    |
[INFO] [stdout] 74 | /     sqlx::query_unchecked!(
[INFO] [stdout] 75 | |         r#"
[INFO] [stdout] 76 | |         UPDATE idempotency
[INFO] [stdout] 77 | |         SET 
[INFO] [stdout] ...  |
[INFO] [stdout] 89 | |         body.as_ref()
[INFO] [stdout] 90 | |     )
[INFO] [stdout]    | |_____^
[INFO] [stdout]    |
[INFO] [stdout]    = note: this error originates in the macro `$crate::sqlx_macros::expand_query` which comes from the expansion of the macro `sqlx::query_unchecked` (in Nightly builds, run with -Z macro-backtrace for more info)
[INFO] [stdout] 
[INFO] [stdout] 
[INFO] [stdout] error: error communicating with database: failed to lookup address information: Temporary failure in name resolution
[INFO] [stdout]    --> src/idempotency/persistence.rs:112:27
[INFO] [stdout]     |
[INFO] [stdout] 112 |       let n_inserted_rows = sqlx::query!(
[INFO] [stdout]     |  ___________________________^
[INFO] [stdout] 113 | |         r#"
[INFO] [stdout] 114 | |         INSERT INTO idempotency (
[INFO] [stdout] 115 | |             user_id, 
[INFO] [stdout] ...   |
[INFO] [stdout] 123 | |         idempotency_key.as_ref()
[INFO] [stdout] 124 | |     )
[INFO] [stdout]     | |_____^
[INFO] [stdout]     |
[INFO] [stdout]     = note: this error originates in the macro `$crate::sqlx_macros::expand_query` which comes from the expansion of the macro `sqlx::query` (in Nightly builds, run with -Z macro-backtrace for more info)
[INFO] [stdout] 
[INFO] [stdout] 
[INFO] [stdout] error: error communicating with database: failed to lookup address information: Temporary failure in name resolution
[INFO] [stdout]    --> src/issue_delivery_worker.rs:93:13
[INFO] [stdout]     |
[INFO] [stdout] 93  |       let r = sqlx::query!(
[INFO] [stdout]     |  _____________^
[INFO] [stdout] 94  | |         r#"
[INFO] [stdout] 95  | |         SELECT newsletter_issue_id, subscriber_email
[INFO] [stdout] 96  | |         FROM issue_delivery_queue
[INFO] [stdout] ...   |
[INFO] [stdout] 100 | |         "#,
[INFO] [stdout] 101 | |     )
[INFO] [stdout]     | |_____^
[INFO] [stdout]     |
[INFO] [stdout]     = note: this error originates in the macro `$crate::sqlx_macros::expand_query` which comes from the expansion of the macro `sqlx::query` (in Nightly builds, run with -Z macro-backtrace for more info)
[INFO] [stdout] 
[INFO] [stdout] 
[INFO] [stdout] error: error communicating with database: failed to lookup address information: Temporary failure in name resolution
[INFO] [stdout]    --> src/issue_delivery_worker.rs:121:5
[INFO] [stdout]     |
[INFO] [stdout] 121 | /     sqlx::query!(
[INFO] [stdout] 122 | |         r#"
[INFO] [stdout] 123 | |         DELETE FROM issue_delivery_queue
[INFO] [stdout] 124 | |         WHERE 
[INFO] [stdout] ...   |
[INFO] [stdout] 129 | |         email
[INFO] [stdout] 130 | |     )
[INFO] [stdout]     | |_____^
[INFO] [stdout]     |
[INFO] [stdout]     = note: this error originates in the macro `$crate::sqlx_macros::expand_query` which comes from the expansion of the macro `sqlx::query` (in Nightly builds, run with -Z macro-backtrace for more info)
[INFO] [stdout] 
[INFO] [stdout] 
[INFO] [stdout] error: error communicating with database: failed to lookup address information: Temporary failure in name resolution
[INFO] [stdout]    --> src/issue_delivery_worker.rs:145:17
[INFO] [stdout]     |
[INFO] [stdout] 145 |       let issue = sqlx::query_as!(
[INFO] [stdout]     |  _________________^
[INFO] [stdout] 146 | |         NewsletterIssue,
[INFO] [stdout] 147 | |         r#"
[INFO] [stdout] 148 | |         SELECT title, text_content, html_content
[INFO] [stdout] ...   |
[INFO] [stdout] 153 | |         issue_id
[INFO] [stdout] 154 | |     )
[INFO] [stdout]     | |_____^
[INFO] [stdout]     |
[INFO] [stdout]     = note: this error originates in the macro `$crate::sqlx_macros::expand_query` which comes from the expansion of the macro `sqlx::query_as` (in Nightly builds, run with -Z macro-backtrace for more info)
[INFO] [stdout] 
[INFO] [stdout] 
[INFO] [stdout] error: error communicating with database: failed to lookup address information: Temporary failure in name resolution
[INFO] [stdout]   --> src/routes/admin/dashboard.rs:47:15
[INFO] [stdout]    |
[INFO] [stdout] 47 |       let row = sqlx::query!(
[INFO] [stdout]    |  _______________^
[INFO] [stdout] 48 | |         r#"
[INFO] [stdout] 49 | |         SELECT username
[INFO] [stdout] 50 | |         FROM users
[INFO] [stdout] ...  |
[INFO] [stdout] 53 | |         user_id,
[INFO] [stdout] 54 | |     )
[INFO] [stdout]    | |_____^
[INFO] [stdout]    |
[INFO] [stdout]    = note: this error originates in the macro `$crate::sqlx_macros::expand_query` which comes from the expansion of the macro `sqlx::query` (in Nightly builds, run with -Z macro-backtrace for more info)
[INFO] [stdout] 
[INFO] [stdout] 
[INFO] [stdout] error: error communicating with database: failed to lookup address information: Temporary failure in name resolution
[INFO] [stdout]    --> src/issue_delivery_worker.rs:93:13
[INFO] [stdout]     |
[INFO] [stdout] 93  |       let r = sqlx::query!(
[INFO] [stdout]     |  _____________^
[INFO] [stdout] 94  | |         r#"
[INFO] [stdout] 95  | |         SELECT newsletter_issue_id, subscriber_email
[INFO] [stdout] 96  | |         FROM issue_delivery_queue
[INFO] [stdout] ...   |
[INFO] [stdout] 100 | |         "#,
[INFO] [stdout] 101 | |     )
[INFO] [stdout]     | |_____^
[INFO] [stdout]     |
[INFO] [stdout]     = note: this error originates in the macro `$crate::sqlx_macros::expand_query` which comes from the expansion of the macro `sqlx::query` (in Nightly builds, run with -Z macro-backtrace for more info)
[INFO] [stdout] 
[INFO] [stdout] 
[INFO] [stdout] error: error communicating with database: failed to lookup address information: Temporary failure in name resolution
[INFO] [stdout]    --> src/issue_delivery_worker.rs:121:5
[INFO] [stdout]     |
[INFO] [stdout] 121 | /     sqlx::query!(
[INFO] [stdout] 122 | |         r#"
[INFO] [stdout] 123 | |         DELETE FROM issue_delivery_queue
[INFO] [stdout] 124 | |         WHERE 
[INFO] [stdout] ...   |
[INFO] [stdout] 129 | |         email
[INFO] [stdout] 130 | |     )
[INFO] [stdout]     | |_____^
[INFO] [stdout]     |
[INFO] [stdout]     = note: this error originates in the macro `$crate::sqlx_macros::expand_query` which comes from the expansion of the macro `sqlx::query` (in Nightly builds, run with -Z macro-backtrace for more info)
[INFO] [stdout] 
[INFO] [stdout] 
[INFO] [stdout] error: error communicating with database: failed to lookup address information: Temporary failure in name resolution
[INFO] [stdout]   --> src/routes/admin/newsletter/post.rs:78:5
[INFO] [stdout]    |
[INFO] [stdout] 78 | /     sqlx::query!(
[INFO] [stdout] 79 | |         r#"
[INFO] [stdout] 80 | |         INSERT INTO newsletter_issues (
[INFO] [stdout] 81 | |             newsletter_issue_id, 
[INFO] [stdout] ...  |
[INFO] [stdout] 92 | |         html_content
[INFO] [stdout] 93 | |     )
[INFO] [stdout]    | |_____^
[INFO] [stdout]    |
[INFO] [stdout]    = note: this error originates in the macro `$crate::sqlx_macros::expand_query` which comes from the expansion of the macro `sqlx::query` (in Nightly builds, run with -Z macro-backtrace for more info)
[INFO] [stdout] 
[INFO] [stdout] 
[INFO] [stdout] error: error communicating with database: failed to lookup address information: Temporary failure in name resolution
[INFO] [stdout]    --> src/issue_delivery_worker.rs:145:17
[INFO] [stdout]     |
[INFO] [stdout] 145 |       let issue = sqlx::query_as!(
[INFO] [stdout]     |  _________________^
[INFO] [stdout] 146 | |         NewsletterIssue,
[INFO] [stdout] 147 | |         r#"
[INFO] [stdout] 148 | |         SELECT title, text_content, html_content
[INFO] [stdout] ...   |
[INFO] [stdout] 153 | |         issue_id
[INFO] [stdout] 154 | |     )
[INFO] [stdout]     | |_____^
[INFO] [stdout]     |
[INFO] [stdout]     = note: this error originates in the macro `$crate::sqlx_macros::expand_query` which comes from the expansion of the macro `sqlx::query_as` (in Nightly builds, run with -Z macro-backtrace for more info)
[INFO] [stdout] 
[INFO] [stdout] 
[INFO] [stdout] error: error communicating with database: failed to lookup address information: Temporary failure in name resolution
[INFO] [stdout]    --> src/routes/admin/newsletter/post.rs:104:5
[INFO] [stdout]     |
[INFO] [stdout] 104 | /     sqlx::query!(
[INFO] [stdout] 105 | |         r#"
[INFO] [stdout] 106 | |         INSERT INTO issue_delivery_queue (
[INFO] [stdout] 107 | |             newsletter_issue_id, 
[INFO] [stdout] ...   |
[INFO] [stdout] 114 | |         newsletter_issue_id,
[INFO] [stdout] 115 | |     )
[INFO] [stdout]     | |_____^
[INFO] [stdout]     |
[INFO] [stdout]     = note: this error originates in the macro `$crate::sqlx_macros::expand_query` which comes from the expansion of the macro `sqlx::query` (in Nightly builds, run with -Z macro-backtrace for more info)
[INFO] [stdout] 
[INFO] [stdout] 
[INFO] [stdout] error: error communicating with database: failed to lookup address information: Temporary failure in name resolution
[INFO] [stdout]   --> src/routes/admin/dashboard.rs:47:15
[INFO] [stdout]    |
[INFO] [stdout] 47 |       let row = sqlx::query!(
[INFO] [stdout]    |  _______________^
[INFO] [stdout] 48 | |         r#"
[INFO] [stdout] 49 | |         SELECT username
[INFO] [stdout] 50 | |         FROM users
[INFO] [stdout] ...  |
[INFO] [stdout] 53 | |         user_id,
[INFO] [stdout] 54 | |     )
[INFO] [stdout]    | |_____^
[INFO] [stdout]    |
[INFO] [stdout]    = note: this error originates in the macro `$crate::sqlx_macros::expand_query` which comes from the expansion of the macro `sqlx::query` (in Nightly builds, run with -Z macro-backtrace for more info)
[INFO] [stdout] 
[INFO] [stdout] 
[INFO] [stdout] error: error communicating with database: failed to lookup address information: Temporary failure in name resolution
[INFO] [stdout]   --> src/routes/admin/newsletter/post.rs:78:5
[INFO] [stdout]    |
[INFO] [stdout] 78 | /     sqlx::query!(
[INFO] [stdout] 79 | |         r#"
[INFO] [stdout] 80 | |         INSERT INTO newsletter_issues (
[INFO] [stdout] 81 | |             newsletter_issue_id, 
[INFO] [stdout] ...  |
[INFO] [stdout] 92 | |         html_content
[INFO] [stdout] 93 | |     )
[INFO] [stdout]    | |_____^
[INFO] [stdout]    |
[INFO] [stdout]    = note: this error originates in the macro `$crate::sqlx_macros::expand_query` which comes from the expansion of the macro `sqlx::query` (in Nightly builds, run with -Z macro-backtrace for more info)
[INFO] [stdout] 
[INFO] [stdout] 
[INFO] [stdout] error: error communicating with database: failed to lookup address information: Temporary failure in name resolution
[INFO] [stdout]    --> src/routes/admin/newsletter/post.rs:104:5
[INFO] [stdout]     |
[INFO] [stdout] 104 | /     sqlx::query!(
[INFO] [stdout] 105 | |         r#"
[INFO] [stdout] 106 | |         INSERT INTO issue_delivery_queue (
[INFO] [stdout] 107 | |             newsletter_issue_id, 
[INFO] [stdout] ...   |
[INFO] [stdout] 114 | |         newsletter_issue_id,
[INFO] [stdout] 115 | |     )
[INFO] [stdout]     | |_____^
[INFO] [stdout]     |
[INFO] [stdout]     = note: this error originates in the macro `$crate::sqlx_macros::expand_query` which comes from the expansion of the macro `sqlx::query` (in Nightly builds, run with -Z macro-backtrace for more info)
[INFO] [stdout] 
[INFO] [stdout] 
[INFO] [stdout] error: error communicating with database: failed to lookup address information: Temporary failure in name resolution
[INFO] [stdout]    --> src/routes/subscriptions.rs:138:5
[INFO] [stdout]     |
[INFO] [stdout] 138 | /     sqlx::query!(
[INFO] [stdout] 139 | |         r#"
[INFO] [stdout] 140 | |     INSERT INTO subscriptions (id, email, name, subscribed_at, status)
[INFO] [stdout] 141 | |     VALUES ($1, $2, $3, $4, 'pending_confirmation')
[INFO] [stdout] ...   |
[INFO] [stdout] 146 | |         Utc::now()
[INFO] [stdout] 147 | |     )
[INFO] [stdout]     | |_____^
[INFO] [stdout]     |
[INFO] [stdout]     = note: this error originates in the macro `$crate::sqlx_macros::expand_query` which comes from the expansion of the macro `sqlx::query` (in Nightly builds, run with -Z macro-backtrace for more info)
[INFO] [stdout] 
[INFO] [stdout] 
[INFO] [stdout] error: error communicating with database: failed to lookup address information: Temporary failure in name resolution
[INFO] [stdout]    --> src/routes/subscriptions.rs:162:5
[INFO] [stdout]     |
[INFO] [stdout] 162 | /     sqlx::query!(
[INFO] [stdout] 163 | |         r#"
[INFO] [stdout] 164 | |     INSERT INTO subscription_tokens (subscription_token, subscriber_id)
[INFO] [stdout] 165 | |     VALUES ($1, $2)
[INFO] [stdout] ...   |
[INFO] [stdout] 168 | |         subscriber_id
[INFO] [stdout] 169 | |     )
[INFO] [stdout]     | |_____^
[INFO] [stdout]     |
[INFO] [stdout]     = note: this error originates in the macro `$crate::sqlx_macros::expand_query` which comes from the expansion of the macro `sqlx::query` (in Nightly builds, run with -Z macro-backtrace for more info)
[INFO] [stdout] 
[INFO] [stdout] 
[INFO] [stdout] error: error communicating with database: failed to lookup address information: Temporary failure in name resolution
[INFO] [stdout]   --> src/routes/subscriptions_confirm.rs:53:5
[INFO] [stdout]    |
[INFO] [stdout] 53 | /     sqlx::query!(
[INFO] [stdout] 54 | |         r#"UPDATE subscriptions SET status = 'confirmed' WHERE id = $1"#,
[INFO] [stdout] 55 | |         subscriber_id,
[INFO] [stdout] 56 | |     )
[INFO] [stdout]    | |_____^
[INFO] [stdout]    |
[INFO] [stdout]    = note: this error originates in the macro `$crate::sqlx_macros::expand_query` which comes from the expansion of the macro `sqlx::query` (in Nightly builds, run with -Z macro-backtrace for more info)
[INFO] [stdout] 
[INFO] [stdout] 
[INFO] [stdout] error: error communicating with database: failed to lookup address information: Temporary failure in name resolution
[INFO] [stdout]    --> src/routes/subscriptions.rs:138:5
[INFO] [stdout]     |
[INFO] [stdout] 138 | /     sqlx::query!(
[INFO] [stdout] 139 | |         r#"
[INFO] [stdout] 140 | |     INSERT INTO subscriptions (id, email, name, subscribed_at, status)
[INFO] [stdout] 141 | |     VALUES ($1, $2, $3, $4, 'pending_confirmation')
[INFO] [stdout] ...   |
[INFO] [stdout] 146 | |         Utc::now()
[INFO] [stdout] 147 | |     )
[INFO] [stdout]     | |_____^
[INFO] [stdout]     |
[INFO] [stdout]     = note: this error originates in the macro `$crate::sqlx_macros::expand_query` which comes from the expansion of the macro `sqlx::query` (in Nightly builds, run with -Z macro-backtrace for more info)
[INFO] [stdout] 
[INFO] [stdout] 
[INFO] [stdout] error: error communicating with database: failed to lookup address information: Temporary failure in name resolution
[INFO] [stdout]   --> src/routes/subscriptions_confirm.rs:67:18
[INFO] [stdout]    |
[INFO] [stdout] 67 |       let result = sqlx::query!(
[INFO] [stdout]    |  __________________^
[INFO] [stdout] 68 | |         r#"SELECT subscriber_id FROM subscription_tokens WHERE subscription_token = $1"#,
[INFO] [stdout] 69 | |         subscription_token,
[INFO] [stdout] 70 | |     )
[INFO] [stdout]    | |_____^
[INFO] [stdout]    |
[INFO] [stdout]    = note: this error originates in the macro `$crate::sqlx_macros::expand_query` which comes from the expansion of the macro `sqlx::query` (in Nightly builds, run with -Z macro-backtrace for more info)
[INFO] [stdout] 
[INFO] [stdout] 
[INFO] [stdout] error: error communicating with database: failed to lookup address information: Temporary failure in name resolution
[INFO] [stdout]    --> src/routes/subscriptions.rs:162:5
[INFO] [stdout]     |
[INFO] [stdout] 162 | /     sqlx::query!(
[INFO] [stdout] 163 | |         r#"
[INFO] [stdout] 164 | |     INSERT INTO subscription_tokens (subscription_token, subscriber_id)
[INFO] [stdout] 165 | |     VALUES ($1, $2)
[INFO] [stdout] ...   |
[INFO] [stdout] 168 | |         subscriber_id
[INFO] [stdout] 169 | |     )
[INFO] [stdout]     | |_____^
[INFO] [stdout]     |
[INFO] [stdout]     = note: this error originates in the macro `$crate::sqlx_macros::expand_query` which comes from the expansion of the macro `sqlx::query` (in Nightly builds, run with -Z macro-backtrace for more info)
[INFO] [stdout] 
[INFO] [stdout] 
[INFO] [stdout] error: error communicating with database: failed to lookup address information: Temporary failure in name resolution
[INFO] [stdout]   --> src/routes/subscriptions_confirm.rs:53:5
[INFO] [stdout]    |
[INFO] [stdout] 53 | /     sqlx::query!(
[INFO] [stdout] 54 | |         r#"UPDATE subscriptions SET status = 'confirmed' WHERE id = $1"#,
[INFO] [stdout] 55 | |         subscriber_id,
[INFO] [stdout] 56 | |     )
[INFO] [stdout]    | |_____^
[INFO] [stdout]    |
[INFO] [stdout]    = note: this error originates in the macro `$crate::sqlx_macros::expand_query` which comes from the expansion of the macro `sqlx::query` (in Nightly builds, run with -Z macro-backtrace for more info)
[INFO] [stdout] 
[INFO] [stdout] 
[INFO] [stdout] error: error communicating with database: failed to lookup address information: Temporary failure in name resolution
[INFO] [stdout]   --> src/routes/subscriptions_confirm.rs:67:18
[INFO] [stdout]    |
[INFO] [stdout] 67 |       let result = sqlx::query!(
[INFO] [stdout]    |  __________________^
[INFO] [stdout] 68 | |         r#"SELECT subscriber_id FROM subscription_tokens WHERE subscription_token = $1"#,
[INFO] [stdout] 69 | |         subscription_token,
[INFO] [stdout] 70 | |     )
[INFO] [stdout]    | |_____^
[INFO] [stdout]    |
[INFO] [stdout]    = note: this error originates in the macro `$crate::sqlx_macros::expand_query` which comes from the expansion of the macro `sqlx::query` (in Nightly builds, run with -Z macro-backtrace for more info)
[INFO] [stdout] 
[INFO] [stdout] 
[INFO] [stdout] warning: unused import: `chrono::Utc`
[INFO] [stdout]  --> src/routes/subscriptions.rs:7:5
[INFO] [stdout]   |
[INFO] [stdout] 7 | use chrono::Utc;
[INFO] [stdout]   |     ^^^^^^^^^^^
[INFO] [stdout]   |
[INFO] [stdout]   = note: `#[warn(unused_imports)]` on by default
[INFO] [stdout] 
[INFO] [stdout] 
[INFO] [stdout] error[E0404]: expected trait, found struct `quickcheck::Gen`
[INFO] [stdout]   --> src/domain/subscriber_email.rs:57:25
[INFO] [stdout]    |
[INFO] [stdout] 57 |         fn arbitrary<G: quickcheck::Gen>(g: &mut G) -> Self {
[INFO] [stdout]    |                         ^^^^^^^^^^^^^^^ not a trait
[INFO] [stdout] 
[INFO] [stdout] 
[INFO] [stdout] warning: unused import: `chrono::Utc`
[INFO] [stdout]  --> src/routes/subscriptions.rs:7:5
[INFO] [stdout]   |
[INFO] [stdout] 7 | use chrono::Utc;
[INFO] [stdout]   |     ^^^^^^^^^^^
[INFO] [stdout]   |
[INFO] [stdout]   = note: `#[warn(unused_imports)]` on by default
[INFO] [stdout] 
[INFO] [stdout] 
[INFO] [stdout] error: aborting due to 16 previous errors; 1 warning emitted
[INFO] [stdout] 
[INFO] [stdout] 
[INFO] [stdout] For more information about this error, try `rustc --explain E0404`.
[INFO] [stdout] 
[INFO] [stderr] error: could not compile `thaisongchurch` (lib test) due to 17 previous errors; 1 warning emitted
[INFO] [stderr] warning: build failed, waiting for other jobs to finish...
[INFO] [stdout] error[E0308]: mismatched types
[INFO] [stdout]   --> src/session_state.rs:18:9
[INFO] [stdout]    |
[INFO] [stdout] 17 |     pub fn insert_user_id(&self, user_id: Uuid) -> Result<(), serde_json::Error> {
[INFO] [stdout]    |                                                    ----------------------------- expected `Result<(), serde_json::Error>` because of return type
[INFO] [stdout] 18 |         self.0.insert(Self::USER_ID_KEY, user_id)
[INFO] [stdout]    |         ^^^^^^^^^^^^^^^^^^^^^^^^^^^^^^^^^^^^^^^^^ expected `Result<(), Error>`, found `Result<(), SessionInsertError>`
[INFO] [stdout]    |
[INFO] [stdout]    = note: expected enum `Result<_, serde_json::Error>`
[INFO] [stdout]               found enum `Result<_, SessionInsertError>`
[INFO] [stdout] 
[INFO] [stdout] 
[INFO] [stdout] error[E0308]: mismatched types
[INFO] [stdout]   --> src/session_state.rs:22:9
[INFO] [stdout]    |
[INFO] [stdout] 21 |     pub fn get_user_id(&self) -> Result<Option<Uuid>, serde_json::Error> {
[INFO] [stdout]    |                                  --------------------------------------- expected `Result<std::option::Option<Uuid>, serde_json::Error>` because of return type
[INFO] [stdout] 22 |         self.0.get(Self::USER_ID_KEY)
[INFO] [stdout]    |         ^^^^^^^^^^^^^^^^^^^^^^^^^^^^^ expected `Result<Option<Uuid>, Error>`, found `Result<Option<_>, SessionGetError>`
[INFO] [stdout]    |
[INFO] [stdout]    = note: expected enum `Result<std::option::Option<Uuid>, serde_json::Error>`
[INFO] [stdout]               found enum `Result<std::option::Option<_>, SessionGetError>`
[INFO] [stdout] 
[INFO] [stdout] 
[INFO] [stdout] warning: unused import: `anyhow::Context`
[INFO] [stdout]  --> src/routes/admin/dashboard.rs:5:5
[INFO] [stdout]   |
[INFO] [stdout] 5 | use anyhow::Context;
[INFO] [stdout]   |     ^^^^^^^^^^^^^^^
[INFO] [stdout] 
[INFO] [stdout] 
[INFO] [stdout] error: aborting due to 17 previous errors; 2 warnings emitted
[INFO] [stdout] 
[INFO] [stdout] 
[INFO] [stdout] For more information about this error, try `rustc --explain E0308`.
[INFO] [stdout] 
[INFO] [stderr] error: could not compile `thaisongchurch` (lib) due to 18 previous errors; 2 warnings emitted
[INFO] running `Command { std: "docker" "inspect" "2d9166f3b9d920a7adada81f1db18b9ecc3eb4a4be7e6a0408a78f2a3f63b9b9", kill_on_drop: false }`
[INFO] running `Command { std: "docker" "rm" "-f" "2d9166f3b9d920a7adada81f1db18b9ecc3eb4a4be7e6a0408a78f2a3f63b9b9", kill_on_drop: false }`
[INFO] [stdout] 2d9166f3b9d920a7adada81f1db18b9ecc3eb4a4be7e6a0408a78f2a3f63b9b9
